he prime factors of (w/i)/((-2)/36)?
2, 3
What are the prime factors of 7/(-49) + (-456)/(-7)?
5, 13
Let t be (-2)/(-4)*2 + 3. Suppose -3*w = t*y - 38, 3*y + 5*w + 0 = 23. List the prime factors of y.
11
List the prime factors of 1*(3 - 4) - -16.
3, 5
Let a(x) = -x**2 - 16*x - 17. List the prime factors of a(-12).
31
List the prime factors of (-9)/((-36)/8) + 23*4.
2, 47
Let z(i) = 33*i**3 - 2*i**2 - i + 2. What are the prime factors of z(1)?
2
Let m(d) = d**2 + 6*d + 20. List the prime factors of m(-8).
2, 3
Suppose 3*m - 10 = 5*m. Let v = m - -7. Suppose 0 = -5*z + 20, -v*z = 4*d - 7*d + 13. List the prime factors of d.
7
Let h = -12 - -32. Let l = 28 - h. Let m = -4 + l. List the prime factors of m.
2
Suppose n + 7 = 5. List the prime factors of n/10 + (-31)/(-5).
2, 3
Let d be (-6 - -5)*2/1. Let f = d - -5. List the prime factors of f.
3
Let a(l) = -10*l - 31 + 30 + 4*l - 8*l. List the prime factors of a(-3).
41
Suppose -3*l + 29 = -2*l. List the prime factors of l.
29
Let p(a) = -3 + 5*a**2 + 4*a + 5 - a**3 + 0*a**3. Let c be p(6). Let b = c - -14. List the prime factors of b.
2
Let c(a) be the third derivative of a**6/120 + a**5/60 + a**4/24 + 5*a**3/2 + 2*a**2. What are the prime factors of c(0)?
3, 5
Suppose 2*c - 3*d = -4 + 146, 4*d = 3*c - 211. What are the prime factors of c?
5, 13
Let u be 0 - -2 - (-66)/(-6). Let v = u - -14. Suppose 15 - v = 2*y. What are the prime factors of y?
5
Suppose 4 = -3*t - q, -3*q + 4 = -2*t + 16. Let l = 7 + t. What are the prime factors of l?
7
Suppose -4*r + 160 + 956 = 0. What are the prime factors of r?
3, 31
Let z(h) = 2*h - 12. Let a be z(-6). What are the prime factors of (10/(-8))/(6/a)?
5
Let b(h) = 2*h + 1. Let p be b(-2). Let z = 1 - p. List the prime factors of z.
2
Let v(w) = -w**3 + 11*w**2 - 6*w - 8. List the prime factors of v(9).
2, 5
Let i be 1*(3 - -30 - -1). List the prime factors of (-8 - -3)*i/(-10).
17
Let c(w) = -3 + 1 + 0 - 2*w - 6. What are the prime factors of c(-6)?
2
Suppose -8 = -2*t + t. Let u(s) = s**2 + 3*s + 6. Let h be u(-6). List the prime factors of t/(-20) - h/(-10).
2
Let s(c) = -c**3 - 6*c**2 - c. Suppose 2*f + 10 = -2. Let r be s(f). Let v = 2 + r. What are the prime factors of v?
2
Let w(p) = p**2 + 5*p. Suppose -5*x - 40 = 4*t, 6*x = -t + x - 25. Let d be w(t). List the prime factors of (1 + d)*(15 + -3).
2, 3
List the prime factors of (12/18)/(4/342).
3, 19
What are the prime factors of 123/(2/(-5) + (-38)/(-20))?
2, 41
Let p(n) be the first derivative of n**4/4 - 4*n**3/3 + 2*n**2 - n + 4. List the prime factors of p(3).
2
Suppose -6*h = -275 - 199. What are the prime factors of h?
79
Let d(a) = -a**3 - 7*a**2 + 2*a - 11. List the prime factors of d(-8).
37
Let x(c) = c**3 - 9*c**2 + 9*c - 2. Let b be x(8). Let l(z) = z**2 - 4*z - 5. Let o be l(b). List the prime factors of (1 + -3)*o/(-2).
7
Let m = 2 - 3. Let o(i) = -20*i**3 - i**2 + i + 1. What are the prime factors of o(m)?
19
Suppose 5*y = 2*y. Suppose c = -y*c. Suppose 70 = 5*k - 5*n, -4*n = 5*k - c*n - 52. What are the prime factors of k?
2, 3
Let q(r) = -r**3 + 6*r**2 - 6*r. Suppose -5*c + 22 = -0*c - h, -3*h - 2 = c. What are the prime factors of q(c)?
2
Let k(h) = -102*h - 3. What are the prime factors of k(-2)?
3, 67
List the prime factors of (3*4)/(3/18).
2, 3
Suppose 385 = 3*o + 2*o. Suppose 3*y - 7*y = -5*d + o, 37 = 4*d + 5*y. What are the prime factors of d?
13
Let a(n) = n**3 - n + 5. Let l be a(0). Let z = 7 - l. Suppose -2*b - z = 4*o + 2, 2*b - 8 = 2*o. What are the prime factors of b?
2
Let u = -33 + 202. List the prime factors of u.
13
Let u(x) = -x**2 - 3*x + 4. Let w be u(-4). Let r be (w + 6)/((-2)/(-5)). Suppose -f + 15 = 3*m, 2*f + 4*m = 3*m + r. What are the prime factors of f?
2, 3
Suppose 0 = 4*c - 76 - 312. What are the prime factors of c?
97
Suppose -3*r + 12 = 4*m, r - 2*r + 3*m = -17. Suppose -5*u + r = -4*u. What are the prime factors of u?
2
Suppose -3*f - 20 = -128. What are the prime factors of f?
2, 3
Let d(s) = 6*s - 1. Let l(n) = -n + 2. Let a be l(0). Let p be d(a). Let t = -3 + p. What are the prime factors of t?
2
Let a(q) = -8*q**3 + q**2 + 2*q + 2. Let m be (0 + -1)*1*2. Let o be a(m). What are the prime factors of o/10 - 6/(-15)?
7
Let s(t) = t**2 - 4*t - 7. Let d be s(6). Let u = d - 3. Suppose 2*r - 49 + 21 = 2*l, -u*r + 38 = 3*l. List the prime factors of r.
2
Let i = -5 - 1. Let s(l) = -l**2 + l - 8. Let u be s(0). Let m = i - u. List the prime factors of m.
2
Let p = 66 - 35. Let j = -21 + p. List the prime factors of j.
2, 5
Let l(y) = y**2 - 4*y - 4. Let u be l(6). Let w = u + -3. What are the prime factors of w?
5
Suppose t + t = 4. Let c(j) = 3*j**2 - j - 2. What are the prime factors of c(t)?
2
Let c(x) = x**3 + 8*x**2 + 2*x + 12. Let f = -3 + -5. Let z be c(f). What are the prime factors of 2*-1 + (-76)/z?
17
Let n(i) be the third derivative of -i**5/60 + i**4/4 + 2*i**3/3 - i**2. Let r be n(4). What are the prime factors of 117/r - (-2)/8?
2, 5
Let k(p) = -2 + 6*p**2 + 13*p**2 - p + p**3 - 5*p**2 - 7. What are the prime factors of k(-14)?
5
Suppose 3*y - 4*k + 29 + 50 = 0, 2*y + 3*k = -81. Suppose 18 = s - 38. Let n = y + s. What are the prime factors of n?
23
Let w be -1 + 1 + 13 + -8. Suppose 3*k - w*n + 2 = 0, 0 = -4*k + 3*k + 4*n - 10. List the prime factors of k.
2, 3
Let r(i) = i**2 - 4*i - 5. Let y be r(5). Let x = y - 0. Suppose 12 = -x*q + 4*q. List the prime factors of q.
3
Suppose 3*z - 5*z = 0. Suppose z = -4*g + r + 2*r + 240, 0 = g - 2*r - 65. What are the prime factors of g?
3, 19
Suppose -5*k + 3*f = -0*k + 18, f = 5*k + 26. What are the prime factors of ((-9)/k)/1*10?
3, 5
Let q = -35 + 85. What are the prime factors of q?
2, 5
Let d = 31 + 216. What are the prime factors of d?
13, 19
Suppose -5*v + 80 = -v. Suppose -3*d - 2*d + v = 0. What are the prime factors of d?
2
Let b(q) = q**2 + 6*q - 2. Let l be b(-7). Let x(v) = -v + 2. Let d be x(l). What are the prime factors of (14 - d) + -2 - 3?
2, 3
Suppose 0*r + 5*r = 0. Suppose 0 = -r*o - 5*o + 90. List the prime factors of 68/o + (-6)/(-27).
2
Suppose u + 32 = 3*u. Suppose -a - 1 = s - 5, 3*s - u = -2*a. What are the prime factors of s?
2
Let j(t) = -7*t - 1. Suppose 2*x + 6 = 2. Let h(w) = 8*w + 2. Let i(m) = x*h(m) - 3*j(m). What are the prime factors of i(3)?
2, 7
Let f(a) be the second derivative of -7*a**3/6 + a**2 - 7*a. List the prime factors of f(-2).
2
Suppose -2*q = 2, -2*d - 5*q - 8 = d. Let b(o) = -26*o + 2. What are the prime factors of b(d)?
2, 7
What are the prime factors of (22/12)/((-1)/(-6))?
11
Suppose 44 = 2*s + 2*s. Suppose 0 = 3*b - b + y - 32, 0 = -b + 2*y + s. What are the prime factors of b?
3, 5
Let r = -49 + 61. List the prime factors of r.
2, 3
Suppose p = -5*b + 867, -3*b - 3*p + 525 = -0*p. What are the prime factors of b?
173
Suppose y + 8 = 5*y. Suppose -b - y*b - 5*x + 28 = 0, 20 = 4*x. Let n = 3 + b. What are the prime factors of n?
2
Let j = 14 + 162. List the prime factors of j.
2, 11
Let d(k) = 2*k - 18. List the prime factors of d(15).
2, 3
Let w be -8 + -1 + 0 + 0. Suppose 5*a - 75 = -0*a. Let o = a + w. List the prime factors of o.
2, 3
Suppose 5*o = -5*v + 455, 5*v - 461 = -4*o + 2*o. List the prime factors of v.
3, 31
Let v(j) = -12*j - 2. Let n be v(-2). Let s(r) = -r**3 - 11*r**2 + 2*r + 7. Let h be s(-11). Let c = h + n. List the prime factors of c.
7
Let f be 4/2 - 4 - 24. Let b = 44 + f. List the prime factors of b.
2, 3
Let j = -66 - -114. Let a = j + -8. List the prime factors of a.
2, 5
Suppose 5*d = u + 182, -2*u + 7 = 1. List the prime factors of d.
37
Let o(z) = -z**3 - z - 1. Let l(c) = 5*c**3 - 10*c**2 + 12*c + 11. Let k(u) = -l(u) - 4*o(u). Let d be k(9). Let q = d - -18. List the prime factors of q.
2, 5
Suppose -b = 4*b. Suppose 4*j - 40 = -b*j. Let x(q) = -q**2 + 10*q + 10. List the prime factors of x(j).
2, 5
Suppose 0 = 4*j - 8 - 4. What are the prime factors of -2 + j + 3 + 11?
3, 5
Let f(n) = -4*n + 4. List the prime factors of f(-15).
2
Suppose 3*i + 189 = 2*r - 2*i, -366 = -4*r - 2*i. What are the prime factors of r?
2, 23
Let x = -8 - -12. Suppose -s + x*l = -2, 3*s + 2*s + 4*l = 106. What are the prime factors of s?
2, 3
Let f(w) be the first derivative of 3*w**3 - w**2/2 + w + 3. What are the prime factors of 